{"id":55232,"date":"2024-08-01T20:22:24","date_gmt":"2024-08-01T20:22:24","guid":{"rendered":"https:\/\/flickanddrop.com.ar\/?post_type=product&#038;p=55232"},"modified":"2026-03-06T14:09:38","modified_gmt":"2026-03-06T14:09:38","slug":"funda-adidas-symbolic-stick-bag-black-solar-red","status":"publish","type":"product","link":"https:\/\/flickanddrop.com.ar\/?product=funda-adidas-symbolic-stick-bag-black-solar-red","title":{"rendered":"Funda Adidas Symbolic Stick Bag Black\/Pink"},"content":{"rendered":"<p>La funda de Hockey Adidas X-Symbolic es la m\u00e1s grande de la colecci\u00f3n de esta temporada, d\u00f3nde podr\u00e1s guardar toda la equipaci\u00f3n de hockey y llevarla a los entrenos, partidos y de viaje. -Bolsillo en la parte trasera para los sticks, d\u00f3nde podr\u00e1s llevar hasta 4. Tiene diferentes compartimentos, con lo que podr\u00e1s almacenar de manera pr\u00e1ctica todos los complementos. Bolsillo principal para guardar la ropa. Bolsillo de malla para el port\u00e1til. Bolsillo frontal en la parte baja de la funda para poder guardar las espinillieras y otros complementos. Base con velcro para poder dividir estos dos espacios en el interior. Bolsillo independiente con orificios para ventilaci\u00f3n para guardar el calzado y quede separado. Asas y parte de la espalda de espuma para una mayor comodidad. Asas regulables.<\/p>\n","protected":false},"excerpt":{"rendered":"<p>La funda de Hockey Adidas X-Symbolic es la m\u00e1s grande de la colecci\u00f3n de esta temporada, d\u00f3nde podr\u00e1s guardar toda la equipaci\u00f3n de hockey y llevarla a los entrenos, partidos y de viaje. -Bolsillo en la parte trasera para los sticks, d\u00f3nde podr\u00e1s llevar hasta 4. Tiene diferentes compartimentos, con lo que podr\u00e1s almacenar de&hellip;&nbsp;<a href=\"https:\/\/flickanddrop.com.ar\/?product=funda-adidas-symbolic-stick-bag-black-solar-red\" class=\"\" rel=\"bookmark\">Leer m\u00e1s &raquo;<span class=\"screen-reader-text\">Funda Adidas Symbolic Stick Bag Black\/Pink<\/span><\/a><\/p>\n","protected":false},"featured_media":67712,"template":"","meta":{"neve_meta_sidebar":"","neve_meta_container":"","neve_meta_enable_content_width":"off","neve_meta_content_width":70,"neve_meta_title_alignment":"","neve_meta_author_avatar":"","neve_post_elements_order":"","neve_meta_disable_header":"","neve_meta_disable_footer":"","neve_meta_disable_title":""},"_links":{"self":[{"href":"https:\/\/flickanddrop.com.ar\/index.php?rest_route=\/wp\/v2\/product\/55232"}],"collection":[{"href":"https:\/\/flickanddrop.com.ar\/index.php?rest_route=\/wp\/v2\/product"}],"about":[{"href":"https:\/\/flickanddrop.com.ar\/index.php?rest_route=\/wp\/v2\/types\/product"}],"wp:featuredmedia":[{"embeddable":true,"href":"https:\/\/flickanddrop.com.ar\/index.php?rest_route=\/wp\/v2\/media\/67712"}],"wp:attachment":[{"href":"https:\/\/flickanddrop.com.ar\/index.php?rest_route=%2Fwp%2Fv2%2Fmedia&parent=55232"}],"curies":[{"name":"wp","href":"https:\/\/api.w.org\/{rel}","templated":true}]}}